92 and 127811077.
823
Calculate the highest common divisor of 156060 and 23375.
85
Calculate the highest common divisor of 862 and 5219410.
862
Calculate the greatest common factor of 11632 and 91250132.
2908
What is the greatest common divisor of 23456320 and 128?
64
What is the highest common divisor of 307 and 27220769?
307
Calculate the highest common factor of 11180 and 477880.
260
Calculate the greatest common factor of 122675 and 168.
7
Calculate the highest common factor of 978832 and 20567.
131
What is the highest common divisor of 44 and 2782868?
44
What is the greatest common factor of 999498 and 19359?
717
Calculate the greatest common divisor of 172 and 91667228.
172
Calculate the greatest common divisor of 5060568 and 120.
24
Calculate the greatest common divisor of 1407779 and 6593.
347
What is the highest common divisor of 17516 and 70992?
116
Calculate the highest common divisor of 525048 and 14216.
8
Calculate the greatest common factor of 2037 and 28968759.
291
Calculate the greatest common divisor of 483037 and 3344.
19
What is the highest common divisor of 7029990 and 19440?
2430
Calculate the greatest common factor of 895 and 4312647.
179
Calculate the greatest common factor of 325 and 10185877.
13
Calculate the highest common factor of 27868413 and 45.
3
Calculate the greatest common factor of 85681398 and 16434.
5478
Calculate the highest common divisor of 33016585 and 7580.
1895
Calculate the greatest common factor of 29606 and 287938.
262
Calculate the highest common divisor of 423905 and 3725.
745
What is the greatest common divisor of 5050 and 191100?
50
Calculate the greatest common divisor of 152974199 and 21.
7
Calculate the greatest common divisor of 265295 and 40255.
485
What is the highest common divisor of 486502 and 14534?
86
What is the greatest common factor of 142968 and 18584?
184
Calculate the highest common divisor of 57297127 and 116.
29
Calculate the highest common factor of 229658261 and 1079.
83
Calculate the highest common divisor of 119 and 471947.
7
Calculate the greatest common factor of 2881896 and 7464.
24
What is the greatest common divisor of 196224 and 7518?
42
Calculate the highest common factor of 1184 and 922720.
32
What is the highest common factor of 2518 and 162669095?
1259
What is the greatest common divisor of 2430 and 141630?
30
Calculate the greatest common divisor of 190300 and 382756.
44
What is the highest common divisor of 320142 and 6570468?
1374
What is the highest common divisor of 9598805 and 5?
5
Calculate the greatest common factor of 245323091 and 104.
13
Calculate the highest common factor of 302942596 and 44.
44
Calculate the highest common divisor of 564031 and 2652455.
559
Calculate the highest common factor of 46986198 and 1666.
1666
Calculate the highest common divisor of 534 and 237117805.
89
Calculate the greatest common factor of 1010 and 28161830.
1010
What is the greatest common factor of 63717 and 5037?
3
Calculate the greatest common factor of 80 and 8951936.
16
Calculate the highest common divisor of 17541240 and 228.
12
What is the highest common divisor of 24467 and 193801?
43
Calculate the greatest common divisor of 7482 and 2929290.
174
What is the greatest common factor of 30347778 and 312?
6
Calculate the greatest common factor of 20608 and 320572.
28
What is the greatest common divisor of 1207 and 33328?
1
What is the highest common divisor of 67094 and 46?
2
What is the greatest common factor of 2520 and 5802615?
315
Calculate the highest common factor of 45505056 and 1224.
408
What is the highest common factor of 14 and 28868126?
14
Calculate the highest common divisor of 12282 and 1084434.
6
What is the highest common divisor of 275835 and 107920?
355
What is the highest common divisor of 520 and 3028935?
65
Calculate the highest common factor of 1352628 and 387.
9
Calculate the greatest common divisor of 106805 and 143500.
205
Calculate the highest common divisor of 161202363 and 303.
303
Calculate the highest common factor of 40 and 14479510.
10
Calculate the highest common divisor of 37083774 and 2886.
78
What is the greatest common divisor of 778 and 6742537?
389
Calculate the highest common divisor of 2207417 and 49972.
961
Calculate the highest common factor of 240689141 and 77.
77
Calculate the highest common divisor of 3235 and 45244063.
647
What is the highest common divisor of 24510275 and 6700?
1675
What is the greatest common factor of 63 and 40273317?
63
What is the greatest common factor of 36 and 24177948?
12
What is the highest common divisor of 30 and 74885730?
30
What is the greatest common divisor of 451 and 44280?
41
What is the greatest common divisor of 24742912 and 16?
16
What is the highest common divisor of 80689388 and 16?
4
Calculate the greatest common factor of 565280 and 81920.
160
What is the highest common factor of 3244125 and 12027?
633
Calculate the greatest common factor of 122004331 and 1.
1
What is the greatest common factor of 492654 and 35391?
141
Calculate the greatest common factor of 2623235 and 3420.
95
What is the highest common divisor of 421750 and 17000?
250
What is the greatest common divisor of 1295808 and 19346?
34
What is the highest common factor of 304 and 517826?
38
Calculate the highest common factor of 2704354 and 6319.
89
Calculate the greatest common factor of 367521 and 2751.
21
Calculate the greatest common factor of 74299219 and 2456.
307
Calculate the highest common divisor of 15066878 and 122.
122
Calculate the highest common divisor of 1509 and 167987916.
1509
What is the highest common factor of 73773886 and 1328?
166
Calculate the greatest common divisor of 56 and 7118696.
8
Calculate the greatest common factor of 609 and 353608281.
87
Calculate the greatest common factor of 33 and 82768609.
11
Calculate the greatest common factor of 1806786 and 522.
18
Calculate the greatest common factor of 658 and 1227922.
94
Calculate the greatest common factor of 1606708 and 70397.
4141
What is the greatest common divisor of 3743300 and 501020?
820
Calculate the highest common factor of 3245 and 11131945.
55
What is the greatest common factor of 25650 and 301950?
450
Calculate the highest common divisor of 86899745 and 3926.
151
Calculate the highest common divisor of 1288 and 48613068.
28
Calculate the highest common divisor of 10474311 and 1809.
201
What is the greatest common factor of 49995 and 20115?
45
Calculate the greatest common divisor of 1180 and 706112.
236
Calculate the highest common divisor of 6933421 and 968.
121
What is the greatest common divisor of 8244094 and 4686?
142
What is the greatest common factor of 396737 and 33?
11
Calculate the greatest common divisor of 5819 and 26059.
253
Calculate the highest common factor of 108 and 398481012.
108
What is the highest common factor of 1989 and 55183887?
153
Calculate the greatest common divisor of 4606 and 4051118.
94
What is the greatest common factor of 4727 and 1047764?
163
What is the greatest common factor of 793584 and 47428?
668
Calculate the highest common divisor of 121 and 52841844.
11
What is the highest common factor of 26166207 and 783?
87
Calculate the highest common factor of 49 and 24994557.
49
Calculate the highest common divisor of 1240895 and 955.
5
What is the highest common factor of 2907637 and 334?
167
Calculate the greatest common divisor of 71712 and 83322.
54
Calculate the highest common divisor of 4986926 and 1421.
49
Calculate the greatest common divisor of 1728475 and 2265319.
4067
What is the greatest common factor of 3321 and 60270?
123
Calculate the greatest common factor of 41020 and 208180.
140
Calculate the greatest common factor of 7942 and 5643.
209
Calculate the greatest common factor of 688 and 16335958.
86
Calculate the greatest common factor of 109494 and 13222230.
3318
Calculate the highest common divisor of 2014 and 16033454.
2014
Calculate the greatest common factor of 970144 and 24766.
854
What is the greatest common factor of 2172115 and 55115?
365
What is the highest common divisor of 13107 and 76071486?
771
What is the highest common factor of 276451694 and 1726?
1726
Calculate the highest common divisor of 32778 and 423686.
1214
What is the highest common divisor of 154624